= -19*j - 13*j + 6704. What are the prime factors of j?
11, 137
What are the prime factors of 86605 - (84/(-12) - (-3)/(-9)*0)?
2, 59, 367
Suppose -3*z + 2*z + 4*n = -14, 0 = -3*z + 3*n - 3. Let y be (1/4*-4)/(1/z). What are the prime factors of -3 + (2/y)/(6/3042)?
2, 83
Let l(i) = i**2 + 10*i + 32. Let y be l(-4). Suppose y*m - 9*m = 2*x - 379, -4*m + 1519 = 5*x. What are the prime factors of m?
3, 127
Let y(a) = -12*a + 2. Let h be y(0). Suppose 3*z - h*f = -0*f + 893, 5*f - 1160 = -4*z. What are the prime factors of z?
5, 59
Let d be (-3)/12 - ((-969)/(-12) + -2). Let p = 84 + d. Suppose 3*a + 0*a = -p*z + 214, -62 = -a - 4*z. What are the prime factors of a?
2, 3, 13
Let k(x) = -2646*x - 816. What are the prime factors of k(-2)?
2, 3, 373
Let f(w) = 6*w**2 - 41*w - 3. Suppose 2*p = -4*b + 48, -3*b + 5*p + 47 = p. What are the prime factors of f(b)?
2, 239
Let k be 0 + 9/27 + 35/3. Suppose -9*y + k*y = 1788. List the prime factors of y.
2, 149
Let j = -9 + 12. Suppose -g = j*p - 4*g - 3, 3*g = 5*p - 9. Suppose -p*s - 45 = -411. List the prime factors of s.
2, 61
Let a(g) = -2125*g**3 + 2*g. List the prime factors of a(-1).
11, 193
Let i = -76 + 76. Suppose -140 = 5*n - 4*b, i = -n + 4*b - 72 + 28. What are the prime factors of (-6 - 138/n) + (-453)/(-4)?
113
Suppose -5*x - 4*y - 5077 = -37151, -4*y = 2*x - 12844. List the prime factors of x.
2, 5, 641
Let s = 42 - 39. Suppose 0 = s*c - 228 - 786. List the prime factors of c.
2, 13
Suppose -20*n + 92008 = -154732. What are the prime factors of n?
13, 73
Suppose -6*l = -5*l - 4. Suppose -l*s + 9*s = 10. Suppose -s*r = -h - 55, -r - 4*r + 3*h = -136. What are the prime factors of r?
29
Let u(o) = 65*o + 2817. What are the prime factors of u(17)?
2, 37, 53
Let o = -589 - -1065. Let l = 1194 - o. List the prime factors of l.
2, 359
Let d = -10504 - -16272. What are the prime factors of d?
2, 7, 103
Let x be -1 - (-5 - (2 + -2)). Suppose 3565 = 9*j - 1997. Suppose 7*l - x*l - j = 0. What are the prime factors of l?
2, 103
Suppose 0 = -5*k - 3137 + 3167, 5*a + 4*k = 190624. What are the prime factors of a?
2, 5, 953
Suppose 0 = 5*r - 0*p - 2*p + 2, -5 = 5*r - 5*p. Let j be (-2 + 11)*(-4)/(-12). Suppose r = -8*d + j*d + 395. What are the prime factors of d?
79
Suppose o + 0*o = c - 2, -3*c - 4*o + 13 = 0. Let u(s) be the third derivative of s**6/30 - s**4/6 - s**3/2 + 5*s**2. What are the prime factors of u(c)?
3, 31
Let h(t) = 11 - 62 - 28*t - 17 - 41 - 1. What are the prime factors of h(-5)?
2, 3, 5
Let n be (8/20)/(93/(-45) + 2). Let v be ((-20)/(-25))/(n/45). What are the prime factors of (34/4)/(v/(-180))?
3, 5, 17
Let y(l) = -222*l**3 + 69*l**2 + 282*l - 20. List the prime factors of y(-4).
2, 3541
Suppose 101*k - 6566088 = -150*k - 125*k. What are the prime factors of k?
3, 5821
Let s be (-3)/(9/384*-4). What are the prime factors of 4/1*472/s?
59
Let k = -80 - 13. Let i(c) = -158*c - 875. Let t be i(-6). Let w = t - k. What are the prime factors of w?
2, 83
Suppose -40*c = -156962 - 37998. List the prime factors of c.
2, 2437
Suppose -48 - 66 = -2*g - 4*t, -g = 5*t - 57. Let n = g - 57. Suppose d + 0*d - 95 = -b, 2*d + 3*b - 187 = n. List the prime factors of d.
2, 7
Suppose 124 - 16 = 6*y. Suppose 11609 = -5*n + y*n. What are the prime factors of n?
19, 47
Let u = -3286 - -16048. Suppose -11*c + 8*c = u. List the prime factors of (-2)/(-9) - c/54.
79
Let s = 130 + -128. What are the prime factors of -8 + s - (13 - 28)?
3
Suppose -8 = 5*y - 28. Suppose 5*r = -4*x - 52, 5*r - 4*r - y*x = 4. What are the prime factors of -4*(298/r - -1)?
5, 29
Let t = 3830 + 1160. List the prime factors of t.
2, 5, 499
List the prime factors of (62/(-18) + 52/117)*7763/(-21).
1109
Let u be (-20 + -1)/((-13)/164944*12). Suppose u = -18*d + 31*d. List the prime factors of d.
2, 7, 61
Suppose 14 = 12*t + 38. List the prime factors of (0 - t - -11)*(21 - 4).
13, 17
Let s(x) = 43*x**2 + x + 450. List the prime factors of s(-32).
2, 5, 7, 127
Suppose -5*s + 2*n + 373342 = 0, 2081*n - 2078*n - 224001 = -3*s. What are the prime factors of s?
2, 11, 1697
Let h(d) = d**2 - 27*d - 37. Let r be h(28). Let q = 13 + r. Suppose -5*g + 2*p = q*p - 352, 5*g = p + 364. List the prime factors of g.
2, 3
Suppose -59*d - 31596 = -4*p - 55*d, 2*d = -10. List the prime factors of p.
2, 3947
Suppose -5*x - 1404 = -4*b, -4*x - 1552 = -3*b - 500. Let s = 128 + b. What are the prime factors of s?
2, 11
Let l = 695 - 695. Suppose l = 2*m + 8, -m - 2247 = -5*d + 222. List the prime factors of d.
17, 29
Suppose 0 = -l - 12 - 15. Let x = 471 - l. Suppose 3*y = 2*u - 256, -4*u + y + x = 2*y. What are the prime factors of u?
5
Suppose 0 = 131*z + 15208 - 196902 + 34319. List the prime factors of z.
3, 5
What are the prime factors of ((-10074)/1095)/(2/(-3740))?
2, 11, 17, 23
Let z(u) = 9*u + 1523. Let h be z(0). Suppose -23*i = -h - 1950. List the prime factors of i.
151
Suppose 676*y - 30069108 = -19*y - 637248. What are the prime factors of y?
2, 3, 3529
Suppose 0 = -n + 4*n - 0*n - 9732. List the prime factors of n.
2, 811
Let s = 42 + -39. Suppose -533 = -2*k + s*c, 3*c - 4*c = 5. List the prime factors of k.
7, 37
Let z(r) = 1358*r**2 - 1326*r - 5317. What are the prime factors of z(-4)?
5, 43, 101
Suppose -52 + 156 = 52*p. Suppose 0 = -2*b + 1 + 5, -2*u = b + 2037. List the prime factors of (-1*p)/(24/u).
5, 17
Let y(p) = -p**2 - 18*p + 2. Let m be y(-18). What are the prime factors of 5703/9 + m/((-18)/15)?
2, 79
What are the prime factors of ((-13)/(-4) + -1)/((-249)/(-4810016))?
2, 3, 1811
Suppose 1540 = -7*r + 8*r. Suppose -132*t + r = -128*t. List the prime factors of t.
5, 7, 11
Suppose 0 = -21*r - 8*r + 541730 - 149563. What are the prime factors of r?
13523
Let t(m) = 57*m + 45. Let n be t(-3). Let l = -62 + 11. Let b = l - n. List the prime factors of b.
3, 5
Let s(i) = -24*i - 68. Let d be s(-3). Suppose 3*q + 2*a = 5*q - 1432, -2852 = -d*q - 2*a. List the prime factors of q.
2, 3, 7, 17
Suppose 16*r - 13*r = 48. Suppose 2 = 3*g + g + 2*i, 0 = 2*g - 2*i - r. Suppose 8*u - 98 = -4*a + g*u, -u + 2 = 0. What are the prime factors of a?
2, 11
Suppose d + 3*t - 991 - 2629 = 0, 0 = -7*d - 3*t + 25250. What are the prime factors of d?
5, 7, 103
Suppose 0 = -3*a + 1715*v - 1717*v + 137381, -5*a + 4*v + 228983 = 0. List the prime factors of a.
3, 5, 43, 71
Suppose -4*v = 5*a, -3*a - 17 = -v - 0*a. Let c be (v - 7)/1 + 66. Let o = -19 + c. What are the prime factors of o?
3, 5
Suppose 4*z - z = -5*u + 3, -u + z + 7 = 0. Suppose 0 = -u*t + 12, 11*t - 10*t = 3*g - 1964. What are the prime factors of g?
2, 41
Let y(t) = -2*t**2 - 9*t - 8. Let a be y(-3). Let u(o) = -3*o**2 + o - 1. Let r be u(a). What are the prime factors of 12 + 3*(-5)/r?
17
Suppose -5*l + b + 5 = -6*l, 2 = 2*l - 2*b. What are the prime factors of 852/4 - l - (-1)/1?
2, 3
Suppose 2*y - 23 = -3*g, -5*g + 7*g - 32 = -3*y. Let m = 13 - y. Suppose 3*f + 3*b + 399 = 7*f, m*b + 207 = 2*f. List the prime factors of f.
2, 3
Let j(x) = x**3 - 30*x**2 + 2*x - 33. Let n be j(30). Let d = 583 - n. What are the prime factors of d?
2, 139
Let i(q) = -q**2 - 3*q. Let c be i(-3). Let l be (-4)/(-6)*(30 - c). List the prime factors of (-485)/(-25) + 12/l.
2, 5
Let v be 1891/2 - (14/4 - 5). Suppose -5*o = -5*y + 4455, 2*y - 829 = 5*o + v. List the prime factors of y.
19, 47
Let d(t) = 5*t**3 + 8*t**2 - 7*t + 5. Let a = -61 + 65. Let l be d(a). Suppose 0 = 6*w - w - l. What are the prime factors of w?
5, 17
Let d(c) = 22*c**2 + 11*c - 69 - 64 + 138. What are the prime factors of d(-4)?
313
Let j = 278 + 3252. What are the prime factors of j?
2, 5, 353
Suppose 2*d - k = -0*d - 1, 4*k = -d + 22. What are the prime factors of 3/d - (3 + 190/(-4))?
2, 23
Suppose 6*m + 631 = 11077. Suppose 6*s - 1739 = m. What are the prime factors of s?
2, 5, 29
Suppose 4058*g + 52164 = 4064*g. What are the prime factors of g?
2, 3, 7, 23
Suppose 67993 - 11739 = 22*h. What are the prime factors of h?
2557
Let p(z) = 8 + 96 + 70*z - 77*z. What are the prime factors of p(-8)?
2, 5
Suppose -h + 4*x + 1 = -2*h, 4*x = 5*h - 91. Suppose -21*c = -h*c - 2502. List the prime factors of c.
3, 139
Suppose -15*s + 14*s + 15328 = -2*c, 0 = 4*s + 3*c - 61312. List the prime factors of s.
2, 479
Let w be 2 - 3 - -1 - 